= 4*j**2 - 25*j - 18. Let b be t(10). Let f(q) = 2*q - 4. Let d be f(8). Calculate the highest common factor of d and b.
12
Suppose 0 = -0*x + x + 14. Let v(l) = -3*l - 10. Let z be v(x). What is the greatest common divisor of z and 224?
32
Let c(r) = -1 + 0*r - 10*r**2 + 2*r**3 + 2 - 3*r**3 + 7*r. Let s be c(-11). Calculate the highest common divisor of 15 and s.
15
Let f = 17 - 13. Let r(o) = -o**2 + 9*o - 14. Let g be r(6). What is the greatest common divisor of g and f?
4
Let f be (-5 + 125)*3/6. Let s = f + -42. What is the greatest common divisor of s and 24?
6
Suppose 1659 + 564 = 9*h. Calculate the highest common divisor of 39 and h.
13
Let n(r) = 2*r - 2. Let j be n(-7). Let g = j - -19. Suppose 288 = 6*h - g*h. What is the highest common divisor of 24 and h?
24
Let d be 2*11*(-6 - -7). What is the greatest common factor of 121 and d?
11
Suppose 0 = -2*y + u + 227, -y - 5*u + 109 = 23. Let z = 187 - y. Calculate the highest common factor of z and 19.
19
Suppose s + 4*s = 40. Suppose 6*i + 60 = s*i. Calculate the highest common divisor of 20 and i.
10
Let p be ((-48)/2)/(2/3). Let s = 53 + p. Let c = s - 6. Calculate the highest common factor of c and 99.
11
Suppose -38*z + 74*z + 72 = 48*z. Suppose -x - 1 = -4. What is the highest common divisor of x and z?
3
Suppose -25*g + 2680 = 5*y - 30*g, -2656 = -5*y - g. Calculate the greatest common factor of y and 84.
28
Suppose 115 = 7*c + 94. What is the highest common factor of c and 282?
3
Let v(w) = w**3 + 24*w**2 + 43*w + 80. Let u be v(-16). Calculate the greatest common factor of u and 320.
160
Suppose -13*g - 906 = -2*r - 11*g, -4*r - 5*g = -1830. Calculate the greatest common factor of 260 and r.
65
Let a(k) = -k**3 + 8*k**2 - 7*k - 3. Let y be a(4). Calculate the highest common divisor of 528 and y.
33
Suppose -9*b + 12*b = 3. Let p be 22 - (-2 + 4)*b. Calculate the highest common divisor of 140 and p.
20
Let x(b) = -b**3 - 5*b**2 + 6*b + 7. Let j be x(-6). Let o = -71 + 148. Suppose -17*k - o = -18*k. Calculate the greatest common factor of j and k.
7
Suppose 701 + 1099 = 40*k. Let b = 31 + -16. What is the highest common factor of b and k?
15
Suppose -5*x - 3205 = -5*v, v = 4*v + x - 1907. What is the highest common factor of 7 and v?
7
Let n = -10 - -5. Let k(h) = 5 - 4*h + h + h**2 + 3*h. Let p be k(n). Calculate the greatest common divisor of 10 and p.
10
Suppose -11*s + 16*s - 4*h = 340, 4*s + 4*h - 236 = 0. Calculate the highest common factor of s and 176.
16
Let a be 1*3*3/3. Let x(r) = 3*r - 73. Let i be x(26). Suppose 0 = 4*t - i - a. Calculate the highest common factor of 14 and t.
2
Let k(q) = q**3 + 6*q**2 - 6*q - 25. Let v be k(-5). Suppose v = -10*g + 240. Calculate the highest common factor of 231 and g.
21
Suppose -i - 3*b - 46 = -5*b, b = 4*i + 191. Let a = i - -23. Let o = a + 36. Calculate the greatest common factor of o and 1.
1
Let g be 6/(-10) + 140/25. Let k be g/(-10) + 45/2. What is the highest common divisor of k and 33?
11
Let f = -139 + 143. What is the greatest common divisor of f and 148?
4
Let o = 230 + -179. Calculate the highest common divisor of o and 34.
17
Let k(w) = -2*w**3 - 26*w**2 + 3*w - 9. Let u be k(-14). What is the highest common divisor of 31 and u?
31
Let i = -13 + 43. Suppose 4*o + 2*o - i = 0. Calculate the highest common divisor of o and 10.
5
Let g be -10*(0/3 - 2). Suppose -b + g = 5*k, 4*b - 10 = 10. Suppose -k*p - 4 = -25. What is the highest common divisor of 7 and p?
7
Let g = 133 - 121. Let q = 30 - 18. What is the highest common divisor of g and q?
12
Let p(n) = -7*n**2 + 5. Let k(y) = -3*y**2 + 2. Let b(c) = 13*k(c) - 6*p(c). Let f be b(2). What is the highest common factor of 16 and f?
8
Suppose -14*m = 18*m - 160. What is the highest common divisor of 15 and m?
5
Let c = -72 + 148. Calculate the highest common factor of 57 and c.
19
Suppose -38 + 4 = -17*p. Calculate the highest common divisor of p and 7.
1
Let g = 17 - 24. Let o(u) = -u**2 - 9*u - 9. Let l be o(g). What is the highest common divisor of l and 15?
5
Suppose 6*z = 7*z - 4*o - 81, -4*z + 3*o = -272. Calculate the greatest common divisor of 52 and z.
13
Let g(k) = 3*k**2 + 7*k + 4. Let l be 3/2*(-8)/(-3). Suppose 0 = l*t - 0*t + 16. Let q be g(t). What is the highest common factor of 60 and q?
12
Let m be -8 - (4 + 729/(-9)). Calculate the greatest common factor of m and 39.
3
Suppose 32 = 5*a - 913. Suppose 7*t - 100 = 3*t - 2*j, 2*t - 70 = 4*j. Calculate the greatest common divisor of a and t.
27
Let d(g) = -5*g**2 - 4*g - 2. Let j(b) = b**2. Let f(k) = d(k) + 6*j(k). Let c be f(5). Let o = c - -9. What is the greatest common factor of o and 24?
12
Suppose -145 = -5*t - 5*s, -11*t = -16*t + 5*s + 125. Suppose -3*a - 86 - 211 = -v, 2*v - 594 = 2*a. What is the greatest common factor of t and v?
27
Suppose -2*n - 4 = -3*n. Suppose -n*m - 13 = -5*w, 3*m + 1 = 2*w - 7. Let r = 263 - 262. Calculate the highest common divisor of w and r.
1
Suppose -38*q + 35*q = 0. Suppose 5*g = 2*t + 16, -5*g + 30 = -q*g + 5*t. Calculate the greatest common factor of 2 and g.
2
Let s = 70 - 84. Let k be (s/(-4))/(((-2)/20)/(-1)). What is the greatest common divisor of 7 and k?
7
Let v = 9 - -8. Let s = 1799 - 1782. What is the greatest common factor of s and v?
17
Let k be 16 - (-3 + 5 + -4). Suppose 0 = -4*o - 8, -4*t - 13 + 89 = -2*o. Calculate the greatest common divisor of t and k.
18
Suppose -3*l = 5*p - 360 + 48, 5*l - 4*p - 520 = 0. Suppose -5*v - 104 = -2*w, 2*w + 0*v = 3*v + 104. What is the greatest common divisor of w and l?
52
Let a(y) = -y**3 - 5*y**2 + y + 39. Let q be a(0). Calculate the greatest common factor of 2184 and q.
39
Suppose 38*g + 69 = 297. What is the greatest common divisor of g and 54?
6
Let d be 109 + 2 - (-4 - 0). Let w = d + -25. What is the greatest common divisor of w and 10?
10
Let r be (-2)/12 + 507750/900. Calculate the highest common factor of 24 and r.
12
Let w(h) = h**2 - 19*h - 2. Let p be w(20). Suppose -90 = 13*x - p*x. Calculate the highest common divisor of x and 63.
9
Let i = -14 + 19. Suppose 3*s = i*v - 8 - 17, 0 = -5*v - 5*s - 15. Suppose v*w - 38 = -5*h + 5*w, h = -3*w + 22. What is the highest common divisor of h and 20?
10
Suppose -32*s = -35*s + 3*m + 99, -m - 165 = -5*s. Calculate the highest common factor of 15 and s.
3
Suppose -9*b = -0*b - b. Suppose -5*n + 60 = 5*i - b*n, -5*i - n = -48. Calculate the highest common divisor of 72 and i.
9
Suppose a - 4*a = -2*a. Suppose a = -14*x + 19*x - 250. What is the highest common divisor of x and 30?
10
Let n(g) be the third derivative of -g**5/60 + 5*g**4/6 - g**3/6 - 15*g**2. Let k be n(19). Calculate the highest common divisor of 36 and k.
18
Let z = 1352 - 1190. Calculate the highest common divisor of z and 1.
1
Suppose 1463 = 26*p - 695. What is the highest common factor of p and 581?
83
Let h = 1304 + -974. What is the highest common factor of h and 198?
66
Let k be (-3 - -2)/(2/(-136)). Let h = k + 20. What is the greatest common factor of h and 22?
22
Let g = 37 - 34. Suppose -5*x + 70 = -x + 5*o, -2*x = g*o - 36. Let k = -15 - -25. What is the highest common divisor of k and x?
5
Suppose -9*z - 477 = -1737. What is the greatest common factor of z and 8?
4
Let t = 180 + -15. Let z(w) = 97*w - 1343. Let q be z(14). Calculate the greatest common divisor of q and t.
15
Suppose -2*a + 2*k = 16, -3*a - k = 5 - 1. Let j(r) = -14*r + 3. Let t be j(a). Calculate the greatest common divisor of t and 5.
5
Suppose 292 = 19*i - 449. Calculate the greatest common factor of 52 and i.
13
Let s be (-6*(-15)/21)/((-7)/(-49)). Calculate the highest common divisor of s and 255.
15
Suppose -17*t + 1386 = 111. What is the highest common divisor of 15 and t?
15
Let d(h) = -2*h**2 + 12*h + 3. Suppose 24 = -k + 5*k. Let t be d(k). What is the highest common factor of 33 and t?
3
Let j = 521 - 491. Calculate the highest common factor of j and 45.
15
Let x(c) = -c**2 - 8*c + 4. Let k be x(-8). Let w be -3 + -40 - 4/k. Let f = -23 - w. What is the highest common divisor of f and 105?
21
Suppose -40 = -5*a + 5*i, -2*i = 2*a - 159 + 155. Suppose -d = -3*d + 130. Calculate the greatest common factor of a and d.
5
Let u(p) = 4*p + 1. Let h be u(5). Suppose 3*c + 2*r - h = 0, -3*c + 3*r = r - 33. W